{"id":1587,"date":"2025-06-15T17:23:32","date_gmt":"2025-06-15T17:23:32","guid":{"rendered":"https:\/\/www.visu-wal.com\/?page_id=1587"},"modified":"2025-09-26T09:15:58","modified_gmt":"2025-09-26T09:15:58","slug":"identite-de-marque","status":"publish","type":"page","link":"https:\/\/www.visu-wal.com\/?page_id=1587","title":{"rendered":"IDENTIT\u00c9 DE MARQUE"},"content":{"rendered":"\n<figure class=\"wp-block-image size-large\"><img loading=\"lazy\" decoding=\"async\" width=\"1024\" height=\"692\" src=\"https:\/\/www.visu-wal.com\/wp-content\/uploads\/2025\/07\/data-1590455_1920-1024x692.jpg\" alt=\"\" class=\"wp-image-1930\" srcset=\"https:\/\/www.visu-wal.com\/wp-content\/uploads\/2025\/07\/data-1590455_1920-1024x692.jpg 1024w, https:\/\/www.visu-wal.com\/wp-content\/uploads\/2025\/07\/data-1590455_1920-300x203.jpg 300w, https:\/\/www.visu-wal.com\/wp-content\/uploads\/2025\/07\/data-1590455_1920-768x519.jpg 768w, https:\/\/www.visu-wal.com\/wp-content\/uploads\/2025\/07\/data-1590455_1920-1536x1038.jpg 1536w, https:\/\/www.visu-wal.com\/wp-content\/uploads\/2025\/07\/data-1590455_1920.jpg 1920w\" sizes=\"auto, (max-width: 1024px) 100vw, 1024px\" \/><\/figure>\n\n\n\n<div class=\"wp-block-group is-nowrap is-layout-flex wp-container-core-group-is-layout-ad2f72ca wp-block-group-is-layout-flex\">\n<div class=\"wp-block-group is-nowrap is-layout-flex wp-container-core-group-is-layout-ad2f72ca wp-block-group-is-layout-flex\"><\/div>\n\n\n\n<p><\/p>\n<\/div>\n\n\n\n<p><\/p>\n\n\n\n<p><\/p>\n\n\n\n<p><\/p>\n\n\n\n<h3 class=\"wp-block-heading has-large-font-size\">LOGO \u2022 <em>Charte graphique \u2022 Univers visuel coh\u00e9rent<\/em><\/h3>\n\n\n\n<p><strong>Cr\u00e9ez une image forte, fid\u00e8le \u00e0 votre histoire.<\/strong><\/p>\n\n\n\n<p>Nous concevons des identit\u00e9s de marque percutantes, align\u00e9es avec vos valeurs et pens\u00e9es pour durer. Chaque \u00e9l\u00e9ment graphique est le reflet de votre singularit\u00e9, de vos ambitions et de votre positionnement.<\/p>\n\n\n\n<h3 class=\"wp-block-heading has-large-font-size\">Cr\u00e9ation de logo<\/h3>\n\n\n\n<p><strong>Un symbole unique, \u00e0 votre image.<\/strong><br>Votre logo est la premi\u00e8re impression que vous laissez. Nous le cr\u00e9ons avec soin pour qu\u2019il soit :<\/p>\n\n\n\n<ul class=\"wp-block-list\">\n<li>M\u00e9morable et distinctif<\/li>\n\n\n\n<li>Lisible sur tous les supports<\/li>\n\n\n\n<li>Porteur de sens et d\u2019identit\u00e9<\/li>\n<\/ul>\n\n\n\n<h3 class=\"wp-block-heading has-large-font-size\">Charte graphique compl\u00e8te<\/h3>\n\n\n\n<p><strong>L\u2019harmonie visuelle au service de votre message.<\/strong><br>Nous \u00e9laborons une charte graphique claire et adaptable, comprenant :<\/p>\n\n\n\n<ul class=\"wp-block-list\">\n<li>Couleurs, typographies, iconographie<\/li>\n\n\n\n<li>R\u00e8gles d\u2019utilisation du logo<\/li>\n\n\n\n<li>Exemples d\u2019application sur vos supports print et digitaux<\/li>\n<\/ul>\n\n\n\n<h3 class=\"wp-block-heading has-large-font-size\">Une d\u00e9marche collaborative<\/h3>\n\n\n\n<p><strong>Vous connaissez votre marque, nous lui donnons forme.<\/strong><br>Notre accompagnement repose sur l\u2019\u00e9coute et l\u2019\u00e9change :<\/p>\n\n\n\n<ul class=\"wp-block-list\">\n<li>Ateliers de d\u00e9couverte ou brief cr\u00e9atif<\/li>\n\n\n\n<li>Propositions argument\u00e9es et ajustements<\/li>\n\n\n\n<li>Validation finale en toute confiance<\/li>\n<\/ul>\n\n\n\n<h3 class=\"wp-block-heading has-large-font-size\">Une identit\u00e9 qui parle \u00e0 votre audience<\/h3>\n\n\n\n<p><strong>Coh\u00e9rente, rassurante, fid\u00e8le \u00e0 votre ADN.<\/strong><br>Notre objectif : b\u00e2tir une image forte qui attire, cr\u00e9e du lien et fid\u00e9lise. Une identit\u00e9 visuelle qui ne se contente pas de plaire \u2014 mais qui <strong>impacte<\/strong>.<\/p>\n\n\n\n<p class=\"has-large-font-size\"><mark style=\"background-color:rgba(0, 0, 0, 0)\" class=\"has-inline-color has-base-2-color\"><em>Vous avez une vision.<br>Nous la traduisons en un univers graphique fort, coh\u00e9rent et inspirant.<\/em><\/mark><\/p>\n\n\n\n<p><\/p>\n","protected":false},"excerpt":{"rendered":"<p>LOGO \u2022 Charte graphique \u2022 Univers visuel coh\u00e9rent Cr\u00e9ez une image forte, fid\u00e8le \u00e0 votre histoire. Nous concevons des identit\u00e9s de marque percutantes, align\u00e9es avec &#8230; <a title=\"IDENTIT\u00c9 DE MARQUE\" class=\"read-more\" href=\"https:\/\/www.visu-wal.com\/?page_id=1587\" aria-label=\"En savoir plus sur IDENTIT\u00c9 DE MARQUE\">Lire plus<\/a><\/p>\n","protected":false},"author":1,"featured_media":0,"parent":0,"menu_order":0,"comment_status":"closed","ping_status":"closed","template":"","meta":{"footnotes":""},"class_list":["post-1587","page","type-page","status-publish"],"_links":{"self":[{"href":"https:\/\/www.visu-wal.com\/index.php?rest_route=\/wp\/v2\/pages\/1587","targetHints":{"allow":["GET"]}}],"collection":[{"href":"https:\/\/www.visu-wal.com\/index.php?rest_route=\/wp\/v2\/pages"}],"about":[{"href":"https:\/\/www.visu-wal.com\/index.php?rest_route=\/wp\/v2\/types\/page"}],"author":[{"embeddable":true,"href":"https:\/\/www.visu-wal.com\/index.php?rest_route=\/wp\/v2\/users\/1"}],"replies":[{"embeddable":true,"href":"https:\/\/www.visu-wal.com\/index.php?rest_route=%2Fwp%2Fv2%2Fcomments&post=1587"}],"version-history":[{"count":3,"href":"https:\/\/www.visu-wal.com\/index.php?rest_route=\/wp\/v2\/pages\/1587\/revisions"}],"predecessor-version":[{"id":2552,"href":"https:\/\/www.visu-wal.com\/index.php?rest_route=\/wp\/v2\/pages\/1587\/revisions\/2552"}],"wp:attachment":[{"href":"https:\/\/www.visu-wal.com\/index.php?rest_route=%2Fwp%2Fv2%2Fmedia&parent=1587"}],"curies":[{"name":"wp","href":"https:\/\/api.w.org\/{rel}","templated":true}]}}