{"id":45,"date":"2022-03-28T19:29:05","date_gmt":"2022-03-28T18:29:05","guid":{"rendered":"https:\/\/workout.wordifysites.com\/?page_id=45"},"modified":"2025-09-23T13:56:16","modified_gmt":"2025-09-23T13:56:16","slug":"a-propos","status":"publish","type":"page","link":"https:\/\/www.visu-wal.com\/?page_id=45","title":{"rendered":"A propos"},"content":{"rendered":"\n<section class=\"gb-element-1f347b50\">\n<div class=\"gb-element-73904874\">\n<h2 class=\"gb-text-9835b831 icon-reversed\"><span class=\"gb-shape\"><svg viewBox=\"0 0 218.28 17.62\" xmlns=\"http:\/\/www.w3.org\/2000\/svg\" data-name=\"Capa 1\"><path d=\"M0 0h217.92v17.62H0z\"><\/path><\/svg><\/span><span class=\"gb-text\"><mark style=\"background-color:rgba(0, 0, 0, 0)\" class=\"has-inline-color has-base-2-color\">Un cr\u00e9atif <br>\u00e0 votre \u00e9coute<\/mark><\/span><\/h2>\n\n\n\n<p class=\"gb-text gb-text-d37f9566\"><mark style=\"background-color:rgba(0, 0, 0, 0)\" class=\"has-inline-color has-contrast-4-color\">Concepteur de produits visuels, bas\u00e9 dans le sud de la France, je puise mon inspiration au c\u0153ur d\u2019un territoire riche en lumi\u00e8re et en cr\u00e9ativit\u00e9. \u00c0 travers <\/mark><mark style=\"background-color:rgba(0, 0, 0, 0)\" class=\"has-inline-color has-accent-color\">Visu&rsquo;Wal<\/mark><mark style=\"background-color:rgba(0, 0, 0, 0)\" class=\"has-inline-color has-contrast-4-color\">, je donne vie \u00e0 des cr\u00e9ations qui racontent, qui marquent et qui inspirent. <\/mark><br><br><strong><em><mark style=\"background-color:rgba(0, 0, 0, 0)\" class=\"has-inline-color has-base-2-color\">Notre objectif : transformer vos id\u00e9es en images forte<\/mark><\/em><\/strong><em><mark style=\"background-color:rgba(0, 0, 0, 0)\" class=\"has-inline-color has-base-2-color\"><strong>s et sur mesure<\/strong> !<\/mark><\/em><\/p>\n<\/div>\n\n\n\n<div>\n<figure class=\"wp-block-image size-full is-resized\"><img loading=\"lazy\" decoding=\"async\" width=\"1920\" height=\"1283\" src=\"https:\/\/www.visu-wal.com\/wp-content\/uploads\/2022\/03\/sun-1693624_1920.jpg\" alt=\"\" class=\"wp-image-1297\" style=\"width:552px;height:auto\" srcset=\"https:\/\/www.visu-wal.com\/wp-content\/uploads\/2022\/03\/sun-1693624_1920.jpg 1920w, https:\/\/www.visu-wal.com\/wp-content\/uploads\/2022\/03\/sun-1693624_1920-300x200.jpg 300w, https:\/\/www.visu-wal.com\/wp-content\/uploads\/2022\/03\/sun-1693624_1920-1024x684.jpg 1024w, https:\/\/www.visu-wal.com\/wp-content\/uploads\/2022\/03\/sun-1693624_1920-768x513.jpg 768w, https:\/\/www.visu-wal.com\/wp-content\/uploads\/2022\/03\/sun-1693624_1920-1536x1026.jpg 1536w\" sizes=\"auto, (max-width: 1920px) 100vw, 1920px\" \/><\/figure>\n\n\n\n<div>\n<p class=\"has-text-align-right has-small-font-size\"><em><mark style=\"background-color:rgba(0, 0, 0, 0);color:#0061fc\" class=\"has-inline-color\">Rien n\u2019est trop grand. Tout devient possible avec la bonne vision.<\/mark><\/em><\/p>\n<\/div>\n<\/div>\n<\/section>\n\n\n\n<div class=\"wp-block-columns is-layout-flex wp-container-core-columns-is-layout-9d6595d7 wp-block-columns-is-layout-flex\">\n<div class=\"wp-block-column is-layout-flow wp-block-column-is-layout-flow\"><\/div>\n<\/div>\n\n\n\n<h2 class=\"wp-block-heading has-text-align-center has-large-font-size\"><strong><mark style=\"background-color:rgba(0, 0, 0, 0)\" class=\"has-inline-color has-base-2-color\">ACCEUIL EN BEAUT\u00c9<\/mark><\/strong><\/h2>\n\n\n\n<p class=\"has-text-align-center has-small-font-size\"><em><strong><mark style=\"background-color:rgba(0, 0, 0, 0)\" class=\"has-inline-color has-base-2-color\">Entrez, explorez, laissez-vous porter, par l\u2019art qui sait vous \u00e9merveiller.<\/mark><\/strong><\/em><\/p>\n\n\n\n<div class=\"gb-element-b2453d5d\"><div class=\"wp-block-image\">\n<figure class=\"aligncenter size-large is-resized\"><img loading=\"lazy\" decoding=\"async\" width=\"1024\" height=\"640\" src=\"https:\/\/www.visu-wal.com\/wp-content\/uploads\/2022\/03\/livingroom-1032733_1920-1024x640.jpg\" alt=\"\" class=\"wp-image-1290\" style=\"width:653px;height:auto\" srcset=\"https:\/\/www.visu-wal.com\/wp-content\/uploads\/2022\/03\/livingroom-1032733_1920-1024x640.jpg 1024w, https:\/\/www.visu-wal.com\/wp-content\/uploads\/2022\/03\/livingroom-1032733_1920-300x188.jpg 300w, https:\/\/www.visu-wal.com\/wp-content\/uploads\/2022\/03\/livingroom-1032733_1920-768x480.jpg 768w, https:\/\/www.visu-wal.com\/wp-content\/uploads\/2022\/03\/livingroom-1032733_1920-1536x960.jpg 1536w, https:\/\/www.visu-wal.com\/wp-content\/uploads\/2022\/03\/livingroom-1032733_1920.jpg 1920w\" sizes=\"auto, (max-width: 1024px) 100vw, 1024px\" \/><\/figure>\n<\/div><\/div>\n\n\n\n<div class=\"wp-block-group is-nowrap is-layout-flex wp-container-core-group-is-layout-ad2f72ca wp-block-group-is-layout-flex\">\n<div class=\"wp-block-group is-nowrap is-layout-flex wp-container-core-group-is-layout-ad2f72ca wp-block-group-is-layout-flex\">\n<p class=\"has-text-align-center has-base-2-color has-text-color has-link-color has-medium-font-size wp-elements-615be2fa60efd0e70de68c1df0d90a31\"><strong><mark style=\"background-color:rgba(0, 0, 0, 0)\" class=\"has-inline-color has-base-2-color\">Bienven<\/mark><\/strong><mark style=\"background-color:rgba(0, 0, 0, 0)\" class=\"has-inline-color has-base-2-color\"><strong>ue dans l\u2019univers de <\/strong><\/mark><strong><mark style=\"background-color:rgba(0, 0, 0, 0)\" class=\"has-inline-color has-accent-color\">Visu&rsquo;Wal<\/mark><\/strong><mark style=\"background-color:rgba(0, 0, 0, 0)\" class=\"has-inline-color has-base-2-color\"><strong>,<\/strong> <strong>o\u00f9 chaque image devient vitale.<\/strong> <strong>Un monde de couleurs et de lumi\u00e8re,<\/strong> <\/mark><mark style=\"background-color:rgba(0, 0, 0, 0)\" class=\"has-inline-color has-base-2-color\"><strong>o\u00f9 l\u2019id\u00e9e prend forme, vraie et sinc\u00e8re.<\/strong> <\/mark><\/p>\n<\/div>\n<\/div>\n\n\n\n<h2 class=\"wp-block-heading\"><br><\/h2>\n\n\n\n<h2 class=\"wp-block-heading\"><br><\/h2>\n\n\n\n<h2 class=\"wp-block-heading has-text-align-center has-large-font-size\"><strong><mark style=\"background-color:rgba(0, 0, 0, 0)\" class=\"has-inline-color has-base-2-color\">NOTRE HISTOIRE<\/mark><\/strong><\/h2>\n\n\n\n<p class=\"has-text-align-center has-small-font-size\"><mark style=\"background-color:rgba(0, 0, 0, 0)\" class=\"has-inline-color has-base-2-color\"><strong>De l\u2019esquisse au projet qui prend son envol, Visu&rsquo;Wal trace son propre r\u00f4le.<\/strong><\/mark><\/p>\n\n\n\n<div class=\"gb-element-36de17ea\"><div class=\"wp-block-image\">\n<figure class=\"aligncenter size-large is-resized\"><img loading=\"lazy\" decoding=\"async\" width=\"1024\" height=\"666\" src=\"https:\/\/www.visu-wal.com\/wp-content\/uploads\/2022\/03\/toddler-hand-4867454_1920-1024x666.jpg\" alt=\"\" class=\"wp-image-1299\" style=\"width:611px;height:auto\" srcset=\"https:\/\/www.visu-wal.com\/wp-content\/uploads\/2022\/03\/toddler-hand-4867454_1920-1024x666.jpg 1024w, https:\/\/www.visu-wal.com\/wp-content\/uploads\/2022\/03\/toddler-hand-4867454_1920-300x195.jpg 300w, https:\/\/www.visu-wal.com\/wp-content\/uploads\/2022\/03\/toddler-hand-4867454_1920-768x499.jpg 768w, https:\/\/www.visu-wal.com\/wp-content\/uploads\/2022\/03\/toddler-hand-4867454_1920-1536x998.jpg 1536w, https:\/\/www.visu-wal.com\/wp-content\/uploads\/2022\/03\/toddler-hand-4867454_1920.jpg 1920w\" sizes=\"auto, (max-width: 1024px) 100vw, 1024px\" \/><\/figure>\n<\/div><\/div>\n\n\n\n<div class=\"wp-block-group is-nowrap is-layout-flex wp-container-core-group-is-layout-ad2f72ca wp-block-group-is-layout-flex\">\n<div class=\"wp-block-group is-nowrap is-layout-flex wp-container-core-group-is-layout-ad2f72ca wp-block-group-is-layout-flex\">\n<p class=\"has-text-align-center has-base-2-color has-text-color has-link-color has-medium-font-size wp-elements-9f8412fb87922cf40efb3a4d55846de6\"><mark style=\"background-color:rgba(0, 0, 0, 0)\" class=\"has-inline-color has-base-2-color\"><strong>Tout a commenc\u00e9 par une passion, un simple r\u00eave, une belle ambition.<\/strong> <strong>Des crayons,<\/strong> <strong>des nuits sans fin, <\/strong><\/mark><mark style=\"background-color:rgba(0, 0, 0, 0)\" class=\"has-inline-color has-base-2-color\"><strong>pour b\u00e2tir un chemin, un destin.<\/strong><\/mark><\/p>\n<\/div>\n<\/div>\n\n\n\n<h2 class=\"wp-block-heading\">  <br><\/h2>\n\n\n\n<h2 class=\"wp-block-heading\"> <br><\/h2>\n\n\n\n<h2 class=\"wp-block-heading has-text-align-center has-large-font-size\"><strong><mark style=\"background-color:rgba(0, 0, 0, 0)\" class=\"has-inline-color has-base-2-color\">MISSION &amp; VALEURS<\/mark><\/strong><\/h2>\n\n\n\n<p class=\"has-text-align-center has-small-font-size\"><em><mark style=\"background-color:rgba(0, 0, 0, 0)\" class=\"has-inline-color has-base-2-color\"><strong>Chaque pixel a son importance, chaque projet, sa r\u00e9sonance.<\/strong><\/mark><\/em><\/p>\n\n\n\n<div class=\"gb-element-e0e220ef\"><div class=\"wp-block-image\">\n<figure class=\"aligncenter size-large is-resized\"><img loading=\"lazy\" decoding=\"async\" width=\"1024\" height=\"685\" src=\"https:\/\/www.visu-wal.com\/wp-content\/uploads\/2025\/06\/photo-1986108_1920-1024x685.jpg\" alt=\"\" class=\"wp-image-1496\" style=\"width:653px;height:auto\" srcset=\"https:\/\/www.visu-wal.com\/wp-content\/uploads\/2025\/06\/photo-1986108_1920-1024x685.jpg 1024w, https:\/\/www.visu-wal.com\/wp-content\/uploads\/2025\/06\/photo-1986108_1920-300x201.jpg 300w, https:\/\/www.visu-wal.com\/wp-content\/uploads\/2025\/06\/photo-1986108_1920-768x514.jpg 768w, https:\/\/www.visu-wal.com\/wp-content\/uploads\/2025\/06\/photo-1986108_1920-1536x1027.jpg 1536w, https:\/\/www.visu-wal.com\/wp-content\/uploads\/2025\/06\/photo-1986108_1920.jpg 1920w\" sizes=\"auto, (max-width: 1024px) 100vw, 1024px\" \/><\/figure>\n<\/div><\/div>\n\n\n\n<div class=\"wp-block-group is-nowrap is-layout-flex wp-container-core-group-is-layout-ad2f72ca wp-block-group-is-layout-flex\">\n<div class=\"wp-block-group is-nowrap is-layout-flex wp-container-core-group-is-layout-ad2f72ca wp-block-group-is-layout-flex\">\n<p class=\"has-text-align-center has-base-2-color has-text-color has-link-color has-medium-font-size wp-elements-024ed4afe7a3690a2c6e4f453afc9ade\"><mark style=\"background-color:rgba(0, 0, 0, 0)\" class=\"has-inline-color has-contrast-4-color\"><br><\/mark><mark style=\"background-color:rgba(0, 0, 0, 0)\" class=\"has-inline-color has-base-2-color\"><strong>Nous croyons en l\u2019art porteur de sens, en la beaut\u00e9 qui jamais ne se d\u00e9pense.<\/strong> <strong>Cr\u00e9ativit\u00e9, respect et innovation,<\/strong> <strong>guident nos pas, notre vraie direction.<\/strong><\/mark><\/p>\n<\/div>\n<\/div>\n\n\n\n<h2 class=\"wp-block-heading\"><br><\/h2>\n\n\n\n<h2 class=\"wp-block-heading\"><br><\/h2>\n\n\n\n<h2 class=\"wp-block-heading has-text-align-center has-large-font-size\"><strong><mark style=\"background-color:rgba(0, 0, 0, 0)\" class=\"has-inline-color has-base-2-color\">NOS SERVICES<\/mark><\/strong><\/h2>\n\n\n\n<p class=\"has-text-align-center has-small-font-size\"><em><strong><mark style=\"background-color:rgba(0, 0, 0, 0)\" class=\"has-inline-color has-base-2-color\">De vos id\u00e9es, nous faisons lumi\u00e8re, avec style, passion et savoir-faire.<\/mark><\/strong><\/em><\/p>\n\n\n\n<div class=\"gb-element-d7fb67cd\"><div class=\"wp-block-image\">\n<figure class=\"aligncenter size-large is-resized\"><img loading=\"lazy\" decoding=\"async\" width=\"1024\" height=\"820\" src=\"https:\/\/www.visu-wal.com\/wp-content\/uploads\/2025\/05\/dining-tables-4854099_1920-1024x820.jpg\" alt=\"\" class=\"wp-image-1118\" style=\"width:653px;height:auto\" srcset=\"https:\/\/www.visu-wal.com\/wp-content\/uploads\/2025\/05\/dining-tables-4854099_1920-1024x820.jpg 1024w, https:\/\/www.visu-wal.com\/wp-content\/uploads\/2025\/05\/dining-tables-4854099_1920-300x240.jpg 300w, https:\/\/www.visu-wal.com\/wp-content\/uploads\/2025\/05\/dining-tables-4854099_1920-768x615.jpg 768w, https:\/\/www.visu-wal.com\/wp-content\/uploads\/2025\/05\/dining-tables-4854099_1920-1536x1230.jpg 1536w, https:\/\/www.visu-wal.com\/wp-content\/uploads\/2025\/05\/dining-tables-4854099_1920.jpg 1920w\" sizes=\"auto, (max-width: 1024px) 100vw, 1024px\" \/><\/figure>\n<\/div><\/div>\n\n\n\n<div class=\"wp-block-group is-nowrap is-layout-flex wp-container-core-group-is-layout-ad2f72ca wp-block-group-is-layout-flex\">\n<div class=\"wp-block-group is-nowrap is-layout-flex wp-container-core-group-is-layout-ad2f72ca wp-block-group-is-layout-flex\">\n<p class=\"has-text-align-center has-base-2-color has-text-color has-link-color has-medium-font-size wp-elements-21bcf890788dfab39dbbe98d10dd25b8\"><mark style=\"background-color:rgba(0, 0, 0, 0)\" class=\"has-inline-color has-base-2-color\"><strong>Affiches, logos, supports raffin\u00e9s, chaque cr\u00e9ation est bien pens\u00e9e.<\/strong> <strong>Infographie, design ou animation, <\/strong><\/mark><mark style=\"background-color:rgba(0, 0, 0, 0)\" class=\"has-inline-color has-base-2-color\"><strong>nous donnons vie \u00e0 votre vision.<\/strong><\/mark><\/p>\n<\/div>\n<\/div>\n\n\n\n<h2 class=\"wp-block-heading\"><br><\/h2>\n\n\n\n<h2 class=\"wp-block-heading\"><br><\/h2>\n\n\n\n<h2 class=\"wp-block-heading has-text-align-center has-large-font-size\"><strong><mark style=\"background-color:rgba(0, 0, 0, 0)\" class=\"has-inline-color has-base-2-color\">NOTRE \u00c9QUIPE<\/mark><\/strong><\/h2>\n\n\n\n<p class=\"has-text-align-center has-small-font-size\"><em><strong><strong><mark style=\"background-color:rgba(0, 0, 0, 0)\" class=\"has-inline-color has-base-2-color\">Une \u00e9quipe soud\u00e9e, main dans la main, pour sublimer chacun de vos chemins.<\/mark><\/strong><\/strong><\/em><\/p>\n\n\n\n<div class=\"gb-element-021e34bc\"><div class=\"wp-block-image\">\n<figure class=\"aligncenter size-large is-resized\"><img loading=\"lazy\" decoding=\"async\" width=\"1024\" height=\"576\" src=\"https:\/\/www.visu-wal.com\/wp-content\/uploads\/2025\/05\/6b794d18-b32f-11ef-a91c-0242ac110002-jpg-regular_image-1024x576.jpeg\" alt=\"\" class=\"wp-image-1124\" style=\"width:653px;height:auto\" srcset=\"https:\/\/www.visu-wal.com\/wp-content\/uploads\/2025\/05\/6b794d18-b32f-11ef-a91c-0242ac110002-jpg-regular_image-1024x576.jpeg 1024w, https:\/\/www.visu-wal.com\/wp-content\/uploads\/2025\/05\/6b794d18-b32f-11ef-a91c-0242ac110002-jpg-regular_image-300x169.jpeg 300w, https:\/\/www.visu-wal.com\/wp-content\/uploads\/2025\/05\/6b794d18-b32f-11ef-a91c-0242ac110002-jpg-regular_image-768x432.jpeg 768w, https:\/\/www.visu-wal.com\/wp-content\/uploads\/2025\/05\/6b794d18-b32f-11ef-a91c-0242ac110002-jpg-regular_image.jpeg 1280w\" sizes=\"auto, (max-width: 1024px) 100vw, 1024px\" \/><\/figure>\n<\/div><\/div>\n\n\n\n<div class=\"wp-block-group is-nowrap is-layout-flex wp-container-core-group-is-layout-ad2f72ca wp-block-group-is-layout-flex\">\n<div class=\"wp-block-group is-nowrap is-layout-flex wp-container-core-group-is-layout-ad2f72ca wp-block-group-is-layout-flex\">\n<p class=\"has-text-align-center has-base-2-color has-text-color has-link-color has-medium-font-size wp-elements-be6af3f02631b66f2948c11742f116d4\"><mark style=\"background-color:rgba(0, 0, 0, 0)\" class=\"has-inline-color has-base-2-color\"><strong>Derri\u00e8re l\u2019\u00e9cran, des c\u0153urs en \u00e9veil, des \u00e2mes cr\u00e9atives, sans pareil.<\/strong> <strong>Chacun apporte sa note, son ton,<\/strong> <\/mark><mark style=\"background-color:rgba(0, 0, 0, 0)\" class=\"has-inline-color has-base-2-color\"><strong>dans cette symphonie que nous signons.<\/strong><\/mark><\/p>\n<\/div>\n<\/div>\n\n\n\n<h2 class=\"wp-block-heading\"><br><\/h2>\n\n\n\n<h2 class=\"wp-block-heading\"><br><\/h2>\n\n\n\n<h2 class=\"wp-block-heading has-text-align-center has-large-font-size\"><strong><mark style=\"background-color:rgba(0, 0, 0, 0)\" class=\"has-inline-color has-base-2-color\">CONTACT<\/mark><\/strong><\/h2>\n\n\n\n<p class=\"has-text-align-center has-small-font-size\"><em><strong><strong><strong><mark style=\"background-color:rgba(0, 0, 0, 0)\" class=\"has-inline-color has-base-2-color\">N\u2019h\u00e9sitez pas, venez discuter, l\u2019inspiration n\u2019attend qu\u2019\u00e0 s\u2019inviter.<\/mark><\/strong><\/strong><\/strong><\/em><\/p>\n\n\n\n<div class=\"gb-element-25dc589b\"><div class=\"wp-block-image\">\n<figure class=\"aligncenter size-large is-resized\"><img loading=\"lazy\" decoding=\"async\" width=\"1024\" height=\"683\" src=\"https:\/\/www.visu-wal.com\/wp-content\/uploads\/2022\/03\/phone-4974179_1920-1024x683.jpg\" alt=\"\" class=\"wp-image-1298\" style=\"width:653px;height:auto\" srcset=\"https:\/\/www.visu-wal.com\/wp-content\/uploads\/2022\/03\/phone-4974179_1920-1024x683.jpg 1024w, https:\/\/www.visu-wal.com\/wp-content\/uploads\/2022\/03\/phone-4974179_1920-300x200.jpg 300w, https:\/\/www.visu-wal.com\/wp-content\/uploads\/2022\/03\/phone-4974179_1920-768x512.jpg 768w, https:\/\/www.visu-wal.com\/wp-content\/uploads\/2022\/03\/phone-4974179_1920-1536x1024.jpg 1536w, https:\/\/www.visu-wal.com\/wp-content\/uploads\/2022\/03\/phone-4974179_1920.jpg 1920w\" sizes=\"auto, (max-width: 1024px) 100vw, 1024px\" \/><\/figure>\n<\/div><\/div>\n\n\n\n<div class=\"wp-block-group is-nowrap is-layout-flex wp-container-core-group-is-layout-ad2f72ca wp-block-group-is-layout-flex\">\n<div class=\"wp-block-group is-nowrap is-layout-flex wp-container-core-group-is-layout-ad2f72ca wp-block-group-is-layout-flex\">\n<p class=\"has-text-align-center has-base-2-color has-text-color has-link-color has-medium-font-size wp-elements-5f71bb3b7e92b5777a73add510fbec01\"><mark style=\"background-color:rgba(0, 0, 0, 0)\" class=\"has-inline-color has-base-2-color\"><strong>Un projet en t\u00eate ? Un r\u00eave \u00e0 cr\u00e9er ?<\/strong> <strong>Nous sommes l\u00e0 pour vous \u00e9couter.<\/strong> <strong>Un mail, un mot, une simple voix, <\/strong><\/mark><mark style=\"background-color:rgba(0, 0, 0, 0)\" class=\"has-inline-color has-base-2-color\"><strong>et tout commence entre vous et nous.<\/strong><\/mark><\/p>\n<\/div>\n<\/div>\n\n\n\n<h2 class=\"wp-block-heading\"><br><\/h2>\n\n\n\n<h2 class=\"wp-block-heading\"><br><\/h2>\n","protected":false},"excerpt":{"rendered":"<p>Un cr\u00e9atif \u00e0 votre \u00e9coute Concepteur de produits visuels, bas\u00e9 dans le sud de la France, je puise mon inspiration au c\u0153ur d\u2019un territoire riche &#8230; <a title=\"A propos\" class=\"read-more\" href=\"https:\/\/www.visu-wal.com\/?page_id=45\" aria-label=\"En savoir plus sur A propos\">Lire plus<\/a><\/p>\n","protected":false},"author":1,"featured_media":0,"parent":0,"menu_order":0,"comment_status":"closed","ping_status":"closed","template":"","meta":{"footnotes":""},"class_list":["post-45","page","type-page","status-publish"],"_links":{"self":[{"href":"https:\/\/www.visu-wal.com\/index.php?rest_route=\/wp\/v2\/pages\/45","targetHints":{"allow":["GET"]}}],"collection":[{"href":"https:\/\/www.visu-wal.com\/index.php?rest_route=\/wp\/v2\/pages"}],"about":[{"href":"https:\/\/www.visu-wal.com\/index.php?rest_route=\/wp\/v2\/types\/page"}],"author":[{"embeddable":true,"href":"https:\/\/www.visu-wal.com\/index.php?rest_route=\/wp\/v2\/users\/1"}],"replies":[{"embeddable":true,"href":"https:\/\/www.visu-wal.com\/index.php?rest_route=%2Fwp%2Fv2%2Fcomments&post=45"}],"version-history":[{"count":93,"href":"https:\/\/www.visu-wal.com\/index.php?rest_route=\/wp\/v2\/pages\/45\/revisions"}],"predecessor-version":[{"id":2362,"href":"https:\/\/www.visu-wal.com\/index.php?rest_route=\/wp\/v2\/pages\/45\/revisions\/2362"}],"wp:attachment":[{"href":"https:\/\/www.visu-wal.com\/index.php?rest_route=%2Fwp%2Fv2%2Fmedia&parent=45"}],"curies":[{"name":"wp","href":"https:\/\/api.w.org\/{rel}","templated":true}]}}